{"id":231,"date":"2024-05-16T09:22:07","date_gmt":"2024-05-16T09:22:07","guid":{"rendered":"https:\/\/dagmar-wassong.de\/?page_id=231"},"modified":"2024-05-17T08:07:41","modified_gmt":"2024-05-17T08:07:41","slug":"thema","status":"publish","type":"page","link":"https:\/\/dagmar-wassong.de\/index.php\/thema\/","title":{"rendered":"THEMA"},"content":{"rendered":"<div  class='flex_column av-av_one_fourth-41ee899840124b6993b57a87f996c353 av_one_fourth  avia-builder-el-0  el_before_av_one_half  avia-builder-el-first  first flex_column_div  '     ><\/div>\n<div  class='flex_column av-6mvpr-c58343918c626a3d2464f8df55d19ce1 av_one_half  avia-builder-el-1  el_after_av_one_fourth  el_before_av_one_fourth  flex_column_div  '     ><p>\n<style type=\"text\/css\" data-created_by=\"avia_inline_auto\" id=\"style-css-av-lw91t4hx-15d949224c50f6f13c593005dabb2197\">\n#top .av-special-heading.av-lw91t4hx-15d949224c50f6f13c593005dabb2197{\npadding-bottom:10px;\n}\nbody .av-special-heading.av-lw91t4hx-15d949224c50f6f13c593005dabb2197 .av-special-heading-tag .heading-char{\nfont-size:25px;\n}\n.av-special-heading.av-lw91t4hx-15d949224c50f6f13c593005dabb2197 .av-subheading{\nfont-size:15px;\n}\n<\/style>\n<div  class='av-special-heading av-lw91t4hx-15d949224c50f6f13c593005dabb2197 av-special-heading-h3  avia-builder-el-2  el_before_av_textblock  avia-builder-el-first '><h3 class='av-special-heading-tag'  itemprop=\"headline\"  >K\u00f6rper im Raum<\/h3><div class=\"special-heading-border\"><div class=\"special-heading-inner-border\"><\/div><\/div><\/div><br \/>\n<section  class='av_textblock_section av-lw91syvo-27eadc13dbb01af94a5a2ce70fb180b7 '   itemscope=\"itemscope\" itemtype=\"https:\/\/schema.org\/CreativeWork\" ><div class='avia_textblock'  itemprop=\"text\" ><p>&#8230; ist das Thema meiner Malerei. Wir leben und handeln im Raum. Auf meinen Bildern stelle ich den einzelnen Menschen, die Gruppe von Menschen und das Wechselspiel zwischen ihnen und dem Raum dar, begreife aber auch K\u00f6rper als Raum. Die Spannung des Kraftfeldes zwischen K\u00f6rper und Raum versuche ich transparent und doch erfahrbar zu machen. Die Abstraktion, die sich hieraus f\u00fcr mich ergibt, l\u00e4sst den Betrachter des Bildes Assoziationen kn\u00fcpfen &#8211; fordert ihn heraus, selbst zu entdecken. Mein Wunsch an den Bild-Betrachter ist, seine eigene Verkn\u00fcpfung, seine eigene Sprache in meinen Bildern zu finden.<\/p>\n<\/div><\/section><\/p><\/div>\n<div  class='flex_column av-av_one_fourth-58a6369d5c19d308284fa729d91312fa av_one_fourth  avia-builder-el-4  el_after_av_one_half  avia-builder-el-last  flex_column_div  '     ><\/div>\n","protected":false},"excerpt":{"rendered":"","protected":false},"author":1,"featured_media":0,"parent":0,"menu_order":0,"comment_status":"closed","ping_status":"closed","template":"","meta":{"footnotes":""},"class_list":["post-231","page","type-page","status-publish","hentry"],"_links":{"self":[{"href":"https:\/\/dagmar-wassong.de\/index.php\/wp-json\/wp\/v2\/pages\/231","targetHints":{"allow":["GET"]}}],"collection":[{"href":"https:\/\/dagmar-wassong.de\/index.php\/wp-json\/wp\/v2\/pages"}],"about":[{"href":"https:\/\/dagmar-wassong.de\/index.php\/wp-json\/wp\/v2\/types\/page"}],"author":[{"embeddable":true,"href":"https:\/\/dagmar-wassong.de\/index.php\/wp-json\/wp\/v2\/users\/1"}],"replies":[{"embeddable":true,"href":"https:\/\/dagmar-wassong.de\/index.php\/wp-json\/wp\/v2\/comments?post=231"}],"version-history":[{"count":3,"href":"https:\/\/dagmar-wassong.de\/index.php\/wp-json\/wp\/v2\/pages\/231\/revisions"}],"predecessor-version":[{"id":298,"href":"https:\/\/dagmar-wassong.de\/index.php\/wp-json\/wp\/v2\/pages\/231\/revisions\/298"}],"wp:attachment":[{"href":"https:\/\/dagmar-wassong.de\/index.php\/wp-json\/wp\/v2\/media?parent=231"}],"curies":[{"name":"wp","href":"https:\/\/api.w.org\/{rel}","templated":true}]}}